+ 3. Let w(p) = -2*g(p) - 5*v(p). What is w(5)?
-11
Let a(g) = 3*g**3 - g**2 - g + 3. Let u(c) = -c**3 + c. Let r(d) = a(d) + 2*u(d). What is r(0)?
3
Let y(k) = -2*k + 3. Let j(m) = 5*m + 4 - 3 - 4*m - 2. Let v(l) = 17*j(l) + 6*y(l). Calculate v(-2).
-9
Let q(m) = m + 2. Suppose 4*y + 12 = -2*j - 2, -5*j = 2*y - 5. Let t be (-51)/68 + y/4. Give q(t).
0
Let o be (-30)/9 - 2/(-6). Suppose 2*g = -2*l - 2, 0 = g - 3*l + l - 2. Let b be 3/(o/4 + g). Let r(i) = i + 3. Determine r(b).
-1
Let c(r) = -3*r**3 + 7*r**2 - r - 1. Let m(j) = 2*j**3 - 4*j**2. Let v(k) = -3*c(k) - 5*m(k). Suppose 0 = -10*f + 7*f - 75. Let p = f + 23. Give v(p).
1
Let r(y) = -2*y**2 - 5*y - 2. Let f be r(-3). Let q be f/(-3) + 5/15. Suppose -c - 7 - 1 = 2*t, 0 = -c + q*t. Let a(w) = w**2 + 7*w + 5. Give a(c).
-7
Let z(h) be the first derivative of -h**2/2 - h - 23. Let a be (-2)/(2/(-4)*-4). Determine z(a).
0
Let m(b) = 7*b**2 - 6*b**2 - 2*b + 1 + 3*b + 0*b. Give m(3).
13
Let b(v) = -v**3 + 2*v**2 - 1. Let q be b(-1). Let x(i) = 4*i - 2. Calculate x(q).
6
Let j(g) be the first derivative of 3*g**2/2 + 2*g - 7. Calculate j(-5).
-13
Let w(y) = 2*y - 4. Suppose 3*o - 2*o = 3, 3*j - 21 = -2*o. Suppose 5*n + 11 = j*s - 9, 3*n = s - 6. Give w(s).
2
Let o(s) = s + 6. Let p(y) = -y**3 - 6*y**2 + 6*y - 7. Let c = -1 + -6. Let h be p(c). Determine o(h).
6
Let y(r) = -7 + 2*r + 0 - r. Let s(z) = z - 1. Let p(d) = -2*s(d) + y(d). Calculate p(-6).
1
Let f(h) = 3*h**2 + 10*h + 2. Suppose -6 = j - 2*s, 0 = j + s + 2*s - 4. Let m(x) = 13*x**2 + 41*x + 8. Let i(p) = j*m(p) + 9*f(p). Give i(-3).
-13
Let p(q) be the first derivative of -4/3*q**3 + 1/4*q**4 + q - 2 - 5/2*q**2. Calculate p(5).
1
Suppose -3*a + 3*h + 0*h = 18, -h + 5 = 0. Let m(k) = -7*k**3 + k**2. Calculate m(a).
8
Let s be (2 + -1 - 2)*-2. Let b(g) = -g + 7. Let z(t) = -2*t + 14. Let q(a) = 13*b(a) - 6*z(a). Let k(r) = -r + 4. Let y(d) = 5*k(d) - 3*q(d). Calculate y(s).
-5
Suppose -4*a + 2*z = 4*z - 82, -2*z = 2*a - 36. Let y = -22 + a. Let q(f) = 11*f**2. Calculate q(y).
11
Suppose -3*b - 6*b = -45. Let l(w) be the first derivative of -w**3/3 + w**2 + 7*w - 1. Determine l(b).
-8
Let l(r) = -4*r + 1. Suppose v - j + 16 = -4, 90 = -5*v + 3*j. Let y = -14 - v. What is l(y)?
-3
Let s(y) = 5*y**2 + 5*y + 8. Let l(r) = -r**2 - 1. Let x(g) = 6*l(g) + s(g). Give x(6).
-4
Let a be -4 + (0 + 4 - 3). Let p(x) = -2*x - 4 + x**3 + 4*x**2 + 2*x. Calculate p(a).
5
Let a(w) = 1. Let y(p) = 8*p - 1. Let x(n) = 3*a(n) + y(n). Determine x(-2).
-14
Let j(k) = -k**2 + 3*k + 5. Let p be j(4). Let m(g) = -p - 3 + 2*g - 4*g. Give m(-3).
2
Let c(s) = s - 7. Let b be c(5). Let v = b - -3. Let m(j) be the third derivative of -j**6/24 - j**5/30 + j**4/24 + 2*j**2. Give m(v).
-6
Let o = -15 + 17. Let r(p) = 2*p**3 - 3*p**2 + p - 2. What is r(o)?
4
Let v(l) be the second derivative of 5/12*l**4 - 3*l - 1/3*l**3 - l**2 - 1/20*l**5 + 0. What is v(4)?
6
Let x(g) = 2*g**3 + g**2 - 2*g - 1. Let s = 0 - -3. Suppose 25 = -5*b - 3*d - 2*d, s*b + 2*d + 12 = 0. Give x(b).
-9
Let g(b) = -b - 1. Let p(r) = r**3 - 14*r**2 - 15*r + 1. Let h(s) = s**3 - 15*s**2 - 16*s + 1. Let i(f) = -3*h(f) + 4*p(f). Let l be i(12). Calculate g(l).
-2
Suppose -3*x = -2*i - i + 3, 3*x + 5*i - 29 = 0. Suppose 0 = 5*y - 2*y + x. Let m(b) = -2*b**3 + 1. Calculate m(y).
3
Suppose 6*t + 21 = 9. Let q(n) = -n - 2. Give q(t).
0
Let t(p) = p**2 - 7*p + 8. Let k be 4 - -2 - 1 - -1. Calculate t(k).
2
Suppose -2*k - i - 4*i = 25, 2*k = -3*i - 15. Let a(t) be the first derivative of t**2/2 + 10*t - 57. Give a(k).
10
Let t(d) = -2*d - 3. Let n(u) = -u. Let c(l) = -7*l - 2. Let r(v) = c(v) - 6*n(v). Let p = -2 - -7. Let x(w) = p*r(w) - 3*t(w). What is x(5)?
4
Let d(m) = -39*m. Let c(j) = 11*j. Let i(r) = 18*c(r) + 5*d(r). Suppose -3*v - 6 = t, -2*t = -3*t - 3. Determine i(v).
-3
Let n(h) be the third derivative of -h**4/12 - h**3/3 + h**2. Calculate n(-5).
8
Let x(t) = -t**3 + 2*t**2 + 2*t + 4. Let z be x(3). Let g be (z - (0 + 1))*-1. Let r(k) be the second derivative of k**3/6 - 7*k**2/2 - k. Calculate r(g).
-7
Let h(q) be the first derivative of -q**3/3 + 3*q**2/2 + 3*q + 1. Let c(v) = 2*v - 4. Let g be c(3). Let d = 6 - g. Give h(d).
-1
Let b(v) = -v**2 + 11*v + 15. Let l be b(12). Suppose 8 = 3*h + h. Suppose -u + l = h*u. Let d(y) = -3*y - 1. Calculate d(u).
-4
Let v(p) = 8*p**2 + 1. Suppose -5*x - 2*o + 7 = 0, 2 = 3*x - 6*x + 5*o. What is v(x)?
9
Let g(t) = 3*t**2 + 4*t + 2. Let y be g(-2). Suppose 21 = 5*w + u, -3*u + 4*u = 5*w - 19. Suppose 2*z + w = y*z. Let k(b) = 8*b**3 - b**2 + b - 1. Give k(z).
7
Let t(v) be the second derivative of -3/2*v**2 + 4*v + 0 - 5/6*v**3 + 1/20*v**5 + 1/6*v**4. Suppose 3 = -d - 0. Calculate t(d).
3
Suppose -2*j + 0 = 12. Let k be 17/(-3) - 4/j. Let q(p) be the third derivative of p**6/120 + p**5/15 - p**4/6 + p**3 + 4*p**2. Calculate q(k).
1
Let m(l) = -l**2 - 2. Suppose 5*h = 4*f + 30 - 7, 3*h = -4*f + 1. Give m(h).
-11
Let b = -3 + 6. Let w be -2*10*b/(-12). Let q(f) = 3*f**3 + 10*f**2 - 3*f - 8. Let v(o) = -o**3 - o**2 + 1. Let j(x) = -q(x) - 4*v(x). What is j(w)?
-6
Let i(f) = -2*f**2 - 11*f + 1. Let l(a) = -a**2 - 6*a + 1. Let o(r) = -3*i(r) + 5*l(r). Calculate o(-4).
6
Let t(n) be the second derivative of n**4/2 + n**3/6 - n**2/2 - 7*n. Suppose 2 = b + 1. What is t(b)?
6
Let j(o) be the first derivative of -o**4/4 + o**3 + 5*o**2/2 + 3*o + 4. What is j(4)?
7
Let m(g) = -4*g**3 + 8*g**2 - g + 4. Let o(z) = -5*z**3 + 9*z**2 - z + 5. Let i(r) = -7*m(r) + 6*o(r). What is i(-2)?
8
Let z(d) = -2 + 71*d + 8 - 73*d. What is z(5)?
-4
Suppose 0 = -2*r + 4 - 0. Let s(w) = -5 - w**2 - r*w**2 + 2*w**2. Give s(0).
-5
Let w(u) = -1 + 18*u**3 + 4*u - 5*u - u. Give w(-1).
-17
Let q(h) = -h**3 - 1. Suppose z = -0*z - 2. Let l be q(z). Let s(o) = -o - l*o - 3 + 1 + 3. What is s(1)?
-7
Let x(m) = -14*m**2 - 24*m - 2. Let u(p) = -5*p**2 - 8*p - 1. Let o(y) = 17*u(y) - 6*x(y). Determine o(5).
10
Let d = 47 + -39. Let w(s) = s - 15. Determine w(d).
-7
Let w = -1 - -3. Let v be 1 - w - 1 - -3. Let h(n) = 2 - v + 4*n**2 - 3*n**2. Give h(-2).
5
Let v(u) = 7*u + 12. Let m(r) = -20*r - 34. Let g(o) = 6*m(o) + 17*v(o). Calculate g(4).
-4
Let a = -1 + 1. Suppose -z = u + 5, a*u - u - 3*z = 15. Suppose 2*m - 6*m = u. Let g(n) = n. Determine g(m).
0
Let l(i) = -i**3 + 7*i**2 - 7*i + 3. Suppose -7*n + 5*n = -12. What is l(n)?
-3
Let o be 9*(-4)/24*-2. Let g(b) = -4*b**3 - 4 - 2*b**o + b**2 + 2*b + 5 + 0. Determine g(-1).
6
Let s be -1 - 1/(-1) - 0. Let j(f) = s*f**2 - 5 - f**2 + 7*f + 0*f**2. Suppose -26*t = -22*t - 16. Calculate j(t).
7
Let s(q) = -q. Suppose -3*b + 2*b - 5*k = 9, k + 1 = 0. Calculate s(b).
4
Let t(d) = -7*d**2 + 21*d - 14. Let i(f) = -3*f**2 + 10*f - 7. Let w(p) = -5*i(p) + 2*t(p). Calculate w(6).
-5
Let f(s) = -42*s**3 + 0*s - 6*s**2 - 36*s**3 + 79*s**3 - 2*s + 9*s - 4. Suppose 4*i - 3*t - 21 = -6*t, 0 = -2*i + 3*t + 15. Suppose i = v + 2. Give f(v).
-8
Let v(n) be the first derivative of n**3/3 - n - 7. Calculate v(-4).
15
Let t(p) be the first derivative of p**3/3 + 4*p**2 + 17. Give t(-4).
-16
Let o(z) = -z**2 - 2*z + 5. Let g(u) = u**2 + 15*u + 4. Let b be g(-15). Calculate o(b).
-19
Let c(d) = -d**3 - 4*d**2 + 2*d + 8. Let v be c(-4). Let j(f) be the first derivative of f**2/2 + 3*f - 1. Calculate j(v).
3
Suppose -4*x + 40 = 12. Let z = x - 8. Let a be 0*2*z/(-4). Let b(k) = k**3 - k**2 + k + 5. Give b(a).
5
Let j = -9 - -9. Let x(w) = -3*w**3 + 2*w**2 - 2*w - 3. Let g(l) = 7*l**3 - 5*l**2 + 5*l + 6. Let k(p) = -2*g(p) - 5*x(p). Calculate k(j).
3
Let y(t) = t**3 + 3*t**2 + 2*t - 1. Let s(j) = 4*j + 1. Suppose 4*f - q + 5 = 0, 0*f - 5*f = -2*q + 10. Suppose -2*w = 2 - f. Let a be s(w). Give y(a).
-7
Let n(j) be the second derivative of j**3/6 + 15*j**2/2 - 13*j. Give n(-7).
8
Let p(f) be the third derivative of f**5/60 + 7*f**4/24 - f**3/2 + 11*f**2. Calculate p(-8).
5
Let k(c) = -3*c**3 + 7*c**2 + c - 6. Let h(o) = 13*o**3 - 29*o**2 - 5*o + 24. Let u(m) = 2*h(m) + 9*k(m). Suppose 4*f = 11 + 9. Calculate u(f).
-11
Let m(l) = l**3 - 8*l**2 + 9*l - 1. Let u be 7*(-5)/(-5 - 0). Determine m(u).
13
Let f(g) = -4*g - 3*g + g + g. Let k = -17 + 18. Calculate f(k).
-5
Let d(b) = -b**3 - 9*b**2 - 5*b - 7. Let t(k) = -k**3 - 10*k**2 - 5*k - 8. Let o(s) = 5*d(s) - 4*t(s). 